culate the highest common divisor of l and 1281.
21
Let c be (-6358)/(-17) - 2/(-2). What is the highest common factor of c and 30?
15
Suppose 47*z - 7024 - 8527 = 5364. Suppose -2*n - 801 = -5*n. What is the greatest common factor of z and n?
89
Suppose -5*f - 190 = 58*o - 59*o, 0 = -2*o + 4*f + 350. What is the greatest common divisor of o and 285?
15
Let z(d) = 2*d**3 + 17*d**2 - 48. Let y be z(-8). Calculate the greatest common factor of y and 1552.
16
Let l(a) = 2*a + 12. Let u be l(-3). Let r(z) = -z + 14. Let k be r(u). Calculate the greatest common divisor of k and 12.
4
Suppose -3*v + 0*v + 357 = 0. Let g(f) = -2*f**2 - 20*f - 1. Let m = -22 + 13. Let h be g(m). What is the greatest common factor of h and v?
17
Let o = 10981 - 9909. What is the greatest common divisor of o and 201?
67
Let w = -7709 + 7729. What is the highest common factor of 13460 and w?
20
Suppose 21*p = 17*p + 12, -x = 3*p - 13. Let s be 179/x + (-108)/144. What is the highest common divisor of 242 and s?
22
Suppose -9*z = -18192 - 384. Suppose -z = -35*t + 1401. What is the highest common factor of t and 9?
9
Let g be 165 + (4 - 3 - 5). Let c be 1664/72 - 14/126. What is the highest common divisor of g and c?
23
Suppose -6*g = -g + 20. Let a = g - 6. Let w be 8/(-20)*a + 18. What is the greatest common factor of 154 and w?
22
Let s(o) = -o**3 + 28*o**2 - 87*o + 4. Let h be s(24). What is the highest common divisor of 154 and h?
22
Suppose -74 = 6*q - 50. Let d(n) = -n**2 + n. Let x be d(-3). Let c be 12/q*320/x. What is the greatest common divisor of 20 and c?
20
Let l be (-5)/2 - 220866/(-1572). Let o(x) = 3*x**2 + 4*x + 5. Let d be o(4). What is the greatest common factor of d and l?
69
Suppose 4*i - y - 55021 = 0, 5*i - 52*y + 55*y = 68755. Calculate the highest common factor of i and 26.
26
Let r(s) = -6*s**3 - s**2 + s + 1. Let j be r(-1). Let w be (-8)/(-10) + (-11)/(495/(-7839)). Calculate the greatest common divisor of w and j.
5
Suppose 4*n + t = 3*t + 746, 4*t - 554 = -3*n. Suppose 10*x - 94 = n. Let u(v) = 4*v**2 + 4*v. Let b be u(-8). Calculate the highest common factor of x and b.
28
Let x be 38*1*(-2 + (-12)/(-3)). Let j = 16 + x. Calculate the greatest common divisor of 23 and j.
23
Suppose 600*s = 602*s - 338. Calculate the greatest common divisor of 325 and s.
13
Let j be 9683/92 + (-2)/(-8)*3. Let z = 116 - j. What is the highest common divisor of z and 15?
5
Let g be ((-294)/63)/(2/9*-3). Let j(i) = 26*i - 128. Let q be j(g). What is the highest common factor of 162 and q?
54
Suppose -3*k + 4508 = t - 31390, 4*k - t - 47878 = 0. Calculate the highest common factor of 561 and k.
187
Suppose -4*r + 349 = -3*w, 589 = 5*r + 2*w + 124. What is the highest common factor of 140 and r?
7
Suppose -4*w - 468 = 3*m, 2*m + 5*w + 312 = w. Let d be 0 + 462 - m/(-52). Calculate the greatest common factor of 27 and d.
27
Let j be ((-4466)/(-3))/(49 - 2628/54). Calculate the highest common divisor of 174 and j.
58
Suppose 199*f - 196*f - 9 = 0, 5*c - 728 = -f. What is the greatest common divisor of 58 and c?
29
Let z = -5250 + 5260. Suppose 2*b + 5 - 175 = 0. Calculate the greatest common divisor of z and b.
5
Suppose 31752 - 3229 + 55573 = 48*v. What is the highest common factor of 365 and v?
73
Suppose -5*u = 4*j - 7302, 2*u - 45 = -33. What is the greatest common factor of j and 54?
18
Suppose r + 4*h - 954 = 8*h, 0 = -3*r - 2*h + 2778. What is the highest common factor of 255 and r?
15
Let p be 62/4 + (-3)/(-6). Let i(l) = l**3 + 4*l**2 + 2*l + 4. Let h be i(4). Let s be 291/2 - 10/h*21. Calculate the greatest common factor of s and p.
16
Let y be ((-3)/(-5))/((54/(-60))/(-9)). Suppose 3*m - 8 = -2*x, x - y = -4*m - 12. What is the greatest common factor of 2 and x?
2
Let i be -24*(-20)/6*(-2)/(-4). Suppose i + 116 = 12*l. Let q = 164 + -99. What is the highest common divisor of q and l?
13
Suppose 0 = 5*g - g + 11 - 39. Let t be (-141)/(-21) + 6/21. What is the highest common factor of g and t?
7
Suppose 25*i - 568 = -43. What is the greatest common factor of 14 and i?
7
Suppose -5*l = 10, 0 = -2*t - 2*t + 3*l + 726. Let q = -11418 + 11454. Calculate the greatest common divisor of t and q.
36
Let t = 108 - 100. Let j be ((-28)/(-70))/((-2)/(-20)). Suppose 31 = p + b - j*b, -26 = -p + 2*b. Calculate the highest common factor of t and p.
8
Let f = -308 + 318. Let z(l) = 23*l**2 - 20*l + 38. Let d be z(2). What is the greatest common divisor of d and f?
10
Let q(x) = -8*x**2 + 11*x + 2. Let p be q(7). Let n = 324 + p. Calculate the highest common divisor of n and 176.
11
Suppose 0 = -214*j + 226884 + 222516. Calculate the highest common factor of j and 196.
28
Suppose 65*z - 320*z + 5355 = 0. What is the greatest common divisor of 87 and z?
3
Suppose -8*c + 31 = -425. Suppose -984 = -c*m + 16*m. What is the greatest common divisor of 32 and m?
8
Let x = 2543 - 2524. Suppose 4*g - 3*w + 7*w - 16 = 0, 20 = 5*g + 3*w. Let u be ((-19)/g)/(3/(-12)). What is the greatest common factor of x and u?
19
Suppose -3*x + 264 = -3*h, 5*x + 6*h - 467 = 2*h. Suppose -13*w - 6*w + 133 = 0. Calculate the highest common factor of w and x.
7
Let h(j) = -2*j**3 - 4*j**2 + 4*j + 6. Let a be h(-6). Let p(f) = 1177*f - 7032. Let v be p(6). Calculate the greatest common divisor of a and v.
30
Let p = 4448 + -4379. What is the highest common divisor of 2070 and p?
69
Let l = -7 - -8. Let d be 510/(-5) + l + 1. Let s be (-4)/6 + 11/((-165)/d). What is the highest common factor of s and 9?
3
Suppose -12*h + 5*h + 3404 = 30*h. What is the highest common factor of h and 49220?
92
Let i = -19728 - -36891. Calculate the greatest common factor of 9 and i.
9
Suppose q - 6*f + 5*f - 6 = 0, 5*q - 4*f = 28. Let o(h) = 13*h**2 + h + 7. Let i be o(q). Calculate the greatest common divisor of 292 and i.
73
Let h be (-20)/(-18) - (-2900)/(-261). Let k be 7/(-35) - 491/(-5). Let b = k + h. What is the greatest common divisor of b and 8?
8
Suppose -1288 = 6*q - 304. Let a = q + 210. What is the highest common divisor of 299 and a?
23
Let z be (-1347)/30 + 4/(-40). Let b be (z/5)/(4 + 345/(-85)). What is the highest common divisor of b and 51?
51
Let u(c) = -c**2 - 95*c + 889. Let x be u(0). What is the highest common divisor of 21 and x?
7
Let u(t) = -2*t**3 - 12*t**2 + 29*t + 39. Let k be u(-13). What is the greatest common factor of 48 and k?
12
Let y be 388*(7 - 10/30*9). Calculate the greatest common factor of y and 80.
16
Let l(n) = 15*n - 63. Let t be l(13). Suppose -20*r + t = -17*r. Calculate the highest common factor of r and 11.
11
Let q = -204 - -211. Let b be 12 + (1 + q - 3). What is the highest common divisor of b and 323?
17
Let s = -4132 + 4155. Let c = 82 + -59. What is the highest common divisor of c and s?
23
Let g(d) = 7*d**3 + 311*d**2 + 50*d + 52. Let p be g(-44). Calculate the highest common divisor of 120 and p.
60
Let o = 15121 - 13097. Calculate the highest common factor of o and 3795.
253
Let i be 1/(2/1034) + 5. Suppose 252 = -15*r + 22*r. Calculate the highest common factor of i and r.
18
Suppose 0 = -2*p - 0*p + 2*a + 16, 2*p - 3*a - 14 = 0. Let c = 147 + -118. Suppose p*r - c = 41. Calculate the highest common factor of 21 and r.
7
Let f(g) = -2*g**3 + 7*g**2 + g - 9. Let q be f(3). Let a be (-15)/(9/q) - (-36 + -2). Calculate the greatest common divisor of 198 and a.
33
Let i be (-132)/21 + 4/14. Let f be (-3)/(3/((-1 + 7)/2)). Let u be f/i - (-478)/4. Calculate the greatest common divisor of u and 80.
40
Let b = -2374 + 3029. Calculate the highest common factor of 1572 and b.
131
Let h(g) = -g**3 + 5*g**2 + 42*g - 132. Let n be h(3). Calculate the highest common divisor of n and 212.
4
Suppose -3*g - 318 + 115 = 4*b, -3*b - 201 = 3*g. Let o = -7624 - -7546. Let t = g - o. What is the highest common divisor of t and 143?
13
Suppose -8*a + 11*a - 12 = 0. Suppose a*x = -16 - 0. Let s(h) = -3*h - 5. Let w be s(x). Calculate the highest common factor of w and 28.
7
Let d(q) = -q**3 - 8*q**2 - 7*q + 8. Let i be d(-7). Let a(c) = 17*c**2 - 38*c + 72. Let y be a(2). Calculate the highest common factor of i and y.
8
Suppose 171*z - 167*z + 3*p = 1705, 2*z + p = 851. What is the greatest common divisor of 689 and z?
53
Let c be (-140)/10 + 29408 + -18. Calculate the highest 